{"id":3001,"date":"2020-01-31T13:47:03","date_gmt":"2020-01-31T12:47:03","guid":{"rendered":"http:\/\/bluejays.fr\/?page_id=3001"},"modified":"2025-09-28T21:41:11","modified_gmt":"2025-09-28T19:41:11","slug":"accueil2","status":"publish","type":"page","link":"https:\/\/bluejays.fr\/","title":{"rendered":"Accueil"},"content":{"rendered":"\t\t<div data-elementor-type=\"wp-page\" data-elementor-id=\"3001\" class=\"elementor elementor-3001\">\n\t\t\t\t\t\t\t\t\t<section class=\"elementor-section elementor-top-section elementor-element elementor-element-2e541d90 elementor-section-boxed elementor-section-height-default elementor-section-height-default\" data-id=\"2e541d90\" data-element_type=\"section\">\n\t\t\t\t\t\t<div class=\"elementor-container elementor-column-gap-default\">\n\t\t\t\t\t<div class=\"elementor-column elementor-col-100 elementor-top-column elementor-element elementor-element-2cf14a0d\" data-id=\"2cf14a0d\" data-element_type=\"column\">\n\t\t\t<div class=\"elementor-widget-wrap elementor-element-populated\">\n\t\t\t\t\t\t\t\t<div class=\"elementor-element elementor-element-73e3b06a elementor-widget elementor-widget-text-editor\" data-id=\"73e3b06a\" data-element_type=\"widget\" data-widget_type=\"text-editor.default\">\n\t\t\t\t<div class=\"elementor-widget-container\">\n\t\t\t<style>\/*! elementor - v3.18.0 - 20-12-2023 *\/\n.elementor-widget-text-editor.elementor-drop-cap-view-stacked .elementor-drop-cap{background-color:#69727d;color:#fff}.elementor-widget-text-editor.elementor-drop-cap-view-framed .elementor-drop-cap{color:#69727d;border:3px solid;background-color:transparent}.elementor-widget-text-editor:not(.elementor-drop-cap-view-default) .elementor-drop-cap{margin-top:8px}.elementor-widget-text-editor:not(.elementor-drop-cap-view-default) .elementor-drop-cap-letter{width:1em;height:1em}.elementor-widget-text-editor .elementor-drop-cap{float:left;text-align:center;line-height:1;font-size:50px}.elementor-widget-text-editor .elementor-drop-cap-letter{display:inline-block}<\/style>\t\t\t\t<div class=\"wp-block-spacer\" style=\"height: 39px;\" aria-hidden=\"true\">\u00a0<\/div>\n<p><!-- \/wp:spacer --><!-- wp:heading {\"align\":\"center\"} --><\/p>\n<h2 class=\"has-text-align-center\">Les Blue Jays de Saint-Aubin de M\u00e9doc<\/h2>\n<p>\u00a0<\/p>\n<p>Suivez notre actualit\u00e9 :<\/p>\n<p>\u00a0<a class=\"wp-block-button__link has-background\" style=\"background-color: #ffffff;\" href=\"https:\/\/www.instagram.com\/stabluejays\/\" target=\"_blank\" rel=\"noreferrer noopener\"><img decoding=\"async\" data-recalc-dims=\"1\" class=\"\" src=\"https:\/\/i0.wp.com\/bluejays.fr\/wp-content\/uploads\/2020\/02\/Instagram-1.png?resize=157%2C157\" alt=\"Instagram Blue Jays\" width=\"157\" height=\"157\" \/><\/a><a class=\"wp-block-button__link has-background\" style=\"background-color: #ffffff;\" href=\"https:\/\/www.facebook.com\/BlueJays.fr\/\" target=\"_blank\" rel=\"noreferrer noopener\"><img decoding=\"async\" data-recalc-dims=\"1\" class=\"\" src=\"https:\/\/i0.wp.com\/bluejays.fr\/wp-content\/uploads\/2020\/02\/Facebook.png?resize=146%2C146\" alt=\"Facebook Blue Jays\" width=\"146\" height=\"146\" \/><\/a><\/p>\n<p><!-- \/wp:spacer --><!-- wp:columns {\"verticalAlignment\":\"top\"} --><\/p>\n<div class=\"wp-block-columns are-vertically-aligned-top\">\n<p><!-- wp:column {\"verticalAlignment\":\"top\"} --><\/p>\n<div class=\"wp-block-column is-vertically-aligned-top\">\n<p><!-- wp:cover {\"url\":\"http:\/\/bluejays.fr\/wp-content\/uploads\/2020\/01\/challenge-club-2018.jpg\",\"id\":2954,\"dimRatio\":60,\"focalPoint\":{\"x\":0.5,\"y\":0.25},\"minHeight\":250} --><\/p>\n<div class=\"wp-block-cover has-background-dim-60 has-background-dim\" style=\"background-image: url('http:\/\/bluejays.fr\/wp-content\/uploads\/2020\/01\/challenge-club-2018.jpg'); background-position: 50% 25%; min-height: 250px;\">\n<div class=\"wp-block-cover__inner-container\">\n<p><!-- wp:paragraph {\"align\":\"center\",\"placeholder\":\"R\u00e9digez le titre\u2026\",\"customFontSize\":22} --><\/p>\n<p class=\"has-text-align-center\" style=\"font-size: 22px;\">Nous \u00e9voluons depuis 1993 dans les championnats R\u00e9gional et National<\/p>\n<p><!-- \/wp:paragraph --><\/p>\n<\/div>\n<\/div>\n<p><!-- \/wp:cover --><\/p>\n<\/div>\n<p><!-- \/wp:column --><!-- wp:column {\"verticalAlignment\":\"top\"} --><\/p>\n<div class=\"wp-block-column is-vertically-aligned-top\">\n<p><!-- wp:cover {\"url\":\"http:\/\/bluejays.fr\/wp-content\/uploads\/2019\/03\/P1010577.jpg\",\"id\":2604,\"dimRatio\":90,\"customOverlayColor\":\"#0f529f\",\"focalPoint\":{\"x\":0.5,\"y\":0.5},\"minHeight\":250} --><\/p>\n<div class=\"wp-block-cover has-background-dim-90 has-background-dim\" style=\"background-image: url('http:\/\/bluejays.fr\/wp-content\/uploads\/2019\/03\/P1010577.jpg'); background-color: #0f529f; background-position: 50% 50%; min-height: 250px;\">\n<div class=\"wp-block-cover__inner-container\">\n<p><!-- wp:paragraph {\"align\":\"center\",\"placeholder\":\"R\u00e9digez le titre\u2026\",\"customFontSize\":22} --><\/p>\n<p class=\"has-text-align-center\" style=\"font-size: 22px;\">Viens jouer au Baseball ou au Softball !<\/p>\n<p><!-- \/wp:paragraph --><!-- wp:button {\"customBackgroundColor\":\"#ffffff\",\"customTextColor\":\"#0f529f\",\"borderRadius\":0,\"align\":\"center\"} --><\/p>\n<div class=\"wp-block-button aligncenter\"><a class=\"wp-block-button__link has-text-color has-background no-border-radius\" style=\"background-color: #ffffff; color: #0f529f;\" href=\"http:\/\/bluejays.fr\/?page_id=380\">Je m&rsquo;inscris<\/a><\/div>\n<p><!-- \/wp:button --><\/p>\n<\/div>\n<\/div>\n<p><!-- \/wp:cover --><\/p>\n<\/div>\n<p><!-- \/wp:column --><!-- wp:column {\"verticalAlignment\":\"top\"} --><\/p>\n<div class=\"wp-block-column is-vertically-aligned-top\">\n<p><!-- wp:cover {\"url\":\"http:\/\/bluejays.fr\/wp-content\/uploads\/2020\/01\/equipeD2.jpg\",\"id\":2819,\"dimRatio\":60,\"focalPoint\":{\"x\":0.5,\"y\":0.5},\"minHeight\":250} --><\/p>\n<div class=\"wp-block-cover has-background-dim-60 has-background-dim\" style=\"background-image: url('http:\/\/bluejays.fr\/wp-content\/uploads\/2020\/01\/equipeD2.jpg'); background-position: 50% 50%; min-height: 250px;\">\n<div class=\"wp-block-cover__inner-container\">\n<p><!-- wp:paragraph {\"align\":\"center\",\"placeholder\":\"R\u00e9digez le titre\u2026\",\"customFontSize\":22} --><\/p>\n<p class=\"has-text-align-center\" style=\"font-size: 22px;\">Choisis l&rsquo;\u00e9quipe qui te convient, Baseball S\u00e9nior, Junior ou Softball, en loisir ou comp\u00e9tition.<\/p>\n<p><!-- \/wp:paragraph --><\/p>\n<\/div>\n<\/div>\n<p><!-- \/wp:cover --><\/p>\n<\/div>\n<p><!-- \/wp:column --><\/p>\n<\/div>\n<p><!-- \/wp:columns --><!-- wp:spacer {\"height\":39} --><\/p>\n<div class=\"wp-block-spacer\" style=\"height: 39px;\" aria-hidden=\"true\">\u00a0<\/div>\n<p><!-- \/wp:spacer --><!-- wp:columns --><\/p>\n<div class=\"wp-block-columns\">\n<p><!-- wp:column {\"width\":33.33} --><\/p>\n<div class=\"wp-block-column\" style=\"flex-basis: 33.33%;\">\n<p><!-- wp:heading {\"align\":\"center\"} --><\/p>\n<h2 class=\"has-text-align-center\">Contact<\/h2>\n<p><!-- \/wp:heading --><!-- wp:spacer {\"height\":20} --><\/p>\n<div class=\"wp-block-spacer\" style=\"height: 20px;\" aria-hidden=\"true\">\u00a0<\/div>\n<p><!-- \/wp:spacer --><!-- wp:heading {\"align\":\"center\",\"level\":4,\"textColor\":\"very-dark-gray\"} --><\/p>\n<h4 class=\"has-very-dark-gray-color has-text-color has-text-align-center\">L\u00e9onella Jacmel<\/h4>\n<p><!-- \/wp:heading --><!-- wp:paragraph {\"align\":\"center\"} --><\/p>\n<p class=\"has-text-align-center\">(pr\u00e9sidente)<\/p>\n<p><!-- \/wp:paragraph --><!-- wp:heading {\"align\":\"center\",\"level\":4,\"textColor\":\"very-dark-gray\"} --><\/p>\n<h4 class=\"has-very-dark-gray-color has-text-color has-text-align-center\">stabluejays.secretaire@gmail.com<\/h4>\n<p><!-- \/wp:heading --><!-- wp:heading {\"align\":\"center\",\"level\":4,\"textColor\":\"very-dark-gray\"} --><\/p>\n<h4 class=\"has-very-dark-gray-color has-text-color has-text-align-center\">06 98 61 28 56<\/h4>\n<p><!-- \/wp:heading --><!-- wp:button {\"customBackgroundColor\":\"#0f529f\",\"borderRadius\":0,\"align\":\"center\"} --><\/p>\n<div class=\"wp-block-button aligncenter\"><a class=\"wp-block-button__link has-background no-border-radius\" style=\"background-color: #0f529f;\" href=\"http:\/\/bluejays.fr\/?page_id=90\">Contacter le club<\/a><\/div>\n<p><!-- \/wp:button --><!-- wp:html --><\/p>\n<div style=\"display: flex; justify-content: center;\">\n<div class=\"wp-block-button\">\u00a0<\/div>\n<div class=\"wp-block-button\" style=\"float: left;\">\u00a0<\/div>\n<\/div>\n<p><!-- \/wp:html --><\/p>\n<\/div>\n<p><!-- \/wp:column --><!-- wp:column {\"width\":66.66} --><\/p>\n<div class=\"wp-block-column\" style=\"flex-basis: 66.66%;\"><!-- wp:html --> <iframe style=\"border: 0;\" frameborder=\"0\" height=\"320\" src=\"https:\/\/www.google.com\/maps\/embed?pb=!1m18!1m12!1m3!1d2825.755971917576!2d-0.744122684063491!3d44.907959979098344!2m3!1f0!2f0!3f0!3m2!1i1024!2i768!4f13.1!3m3!1m2!1s0xd54d1e8dcc13d4d%3A0x4d91bc1b7f62e702!2sblue%20jays%20baseball!5e0!3m2!1sfr!2sfr!4v1580563662059!5m2!1sfr!2sfr\"><\/iframe> <!-- \/wp:html --><\/div>\n<p><!-- \/wp:column --><\/p>\n<\/div>\n<p><!-- \/wp:columns --><!-- wp:cover {\"url\":\"http:\/\/bluejays.fr\/wp-content\/uploads\/2018\/12\/GOPR1600-e1543946527252.jpg\",\"id\":2365,\"focalPoint\":{\"x\":0.22,\"y\":0.2835820895522388},\"minHeight\":200} --><\/p>\n<div class=\"wp-block-cover has-background-dim\" style=\"background-image: url('http:\/\/bluejays.fr\/wp-content\/uploads\/2018\/12\/GOPR1600-e1543946527252.jpg'); background-position: 22% 28.35820895522388%; min-height: 200px;\">\n<div class=\"wp-block-cover__inner-container\">\n<p><!-- wp:paragraph {\"align\":\"center\",\"customFontSize\":22} --><\/p>\n<p class=\"has-text-align-center\" style=\"font-size: 22px;\">Une ambiance <strong>conviviale<\/strong> tous les WE de Mars \u00e0 Octobre<br \/>gr\u00e2ce \u00e0 l\u2019<strong>animation<\/strong> et la <strong>buvette<\/strong> des Blue Jays, ouverte pour <strong>tous les matchs<\/strong><\/p>\n<p><!-- \/wp:paragraph --><\/p>\n<\/div>\n<\/div>\n<p><!-- \/wp:cover --><!-- wp:spacer {\"height\":89} --><\/p>\n<div class=\"wp-block-spacer\" style=\"height: 89px;\" aria-hidden=\"true\">\u00a0<\/div>\n<p><!-- \/wp:spacer --><!-- wp:heading {\"align\":\"center\"} --><\/p>\n<div class=\"actu-accueil\">\u00a0<\/div>\n<p><!-- \/wp:html --><!-- wp:spacer {\"height\":89} --><\/p>\n<div class=\"wp-block-spacer\" style=\"height: 89px;\" aria-hidden=\"true\">\u00a0<\/div>\n<p><!-- \/wp:spacer --><!-- wp:cover {\"url\":\"http:\/\/bluejays.fr\/wp-content\/uploads\/2014\/11\/9U.lateste.jpg\",\"id\":709,\"focalPoint\":{\"x\":0.6,\"y\":0.2},\"minHeight\":200} --><\/p>\n<div class=\"wp-block-cover has-background-dim\" style=\"background-image: url('http:\/\/bluejays.fr\/wp-content\/uploads\/2014\/11\/9U.lateste.jpg'); background-position: 60% 20%; min-height: 200px;\">\n<div class=\"wp-block-cover__inner-container\">\n<p><!-- wp:paragraph {\"align\":\"center\",\"customFontSize\":22} --><\/p>\n<p><!-- \/wp:paragraph --><!-- wp:jetpack\/contact-form {\"subject\":\"Je souhaite recevoir le mot du pr\u00e9sident\",\"to\":\"stabluejays@gmail.com\",\"submitButtonText\":\"Re\u00e7ois le mot du pr\u00e9sident\",\"hasFormSettingsSet\":\"yes\"} --><!-- wp:jetpack\/field-email {\"label\":\"\",\"placeholder\":\"Votre adresse email\"} \/--><!-- \/wp:jetpack\/contact-form --><\/p>\n<\/div>\n<\/div>\n<p><!-- \/wp:cover --><\/p>\t\t\t\t\t\t<\/div>\n\t\t\t\t<\/div>\n\t\t\t\t\t<\/div>\n\t\t<\/div>\n\t\t\t\t\t\t\t<\/div>\n\t\t<\/section>\n\t\t\t\t\t\t\t<\/div>\n\t\t","protected":false},"excerpt":{"rendered":"<p>\u00a0 Les Blue Jays de Saint-Aubin de M\u00e9doc \u00a0 Suivez notre actualit\u00e9 : \u00a0 Nous \u00e9voluons depuis 1993 dans les championnats R\u00e9gional et National Viens jouer au Baseball ou au Softball ! Je m&rsquo;inscris Choisis l&rsquo;\u00e9quipe qui te convient, Baseball S\u00e9nior, Junior ou Softball, en loisir ou comp\u00e9tition. \u00a0 Contact \u00a0 L\u00e9onella Jacmel (pr\u00e9sidente) stabluejays.secretaire@gmail.com<\/p>\n<p><a class=\"read-more\" href=\"https:\/\/bluejays.fr\/\"> Lire Plus&#8230;<\/a><\/p>\n","protected":false},"author":3,"featured_media":0,"parent":0,"menu_order":0,"comment_status":"closed","ping_status":"closed","template":"homepage-full.php","meta":{"_bbp_topic_count":0,"_bbp_reply_count":0,"_bbp_total_topic_count":0,"_bbp_total_reply_count":0,"_bbp_voice_count":0,"_bbp_anonymous_reply_count":0,"_bbp_topic_count_hidden":0,"_bbp_reply_count_hidden":0,"_bbp_forum_subforum_count":0,"_monsterinsights_skip_tracking":false,"_monsterinsights_sitenote_active":false,"_monsterinsights_sitenote_note":"","_monsterinsights_sitenote_category":0,"_uf_show_specific_survey":0,"_uf_disable_surveys":false,"jetpack_post_was_ever_published":false,"footnotes":""},"class_list":["post-3001","page","type-page","status-publish","hentry"],"aioseo_notices":[],"jetpack_shortlink":"https:\/\/wp.me\/P7l0w0-Mp","jetpack-related-posts":[{"id":102,"url":"https:\/\/bluejays.fr\/?page_id=102","url_meta":{"origin":3001,"position":0},"title":"Historique","author":"Caro","date":"12\/04\/2014","format":false,"excerpt":"Le Club de Baseball de Saint Aubin de M\u00e9doc Un club qui rassemble plus de 100 sportifs de tous \u00e2ges et de tous niveaux partageant la m\u00eame passion pour le baseball et le softball. 6 \u00e9quipes engag\u00e9es en championnat : 9U \/ 12U \/ 15U \/ 18U \/ R1 et\u2026","rel":"","context":"Article similaire","block_context":{"text":"Article similaire","link":""},"img":{"alt_text":"","src":"","width":0,"height":0},"classes":[]},{"id":503,"url":"https:\/\/bluejays.fr\/?page_id=503","url_meta":{"origin":3001,"position":1},"title":"NOS EQUIPES BASEBALL SENIORS &#8211; R3","author":"Caro","date":"30\/09\/2014","format":false,"excerpt":"Equipe R\u00e9gionale 3 Coachs :\u00a0 Paul Rapinat, Jean-S\u00e9bastien Gerbeau Entra\u00eenements Les mardi et jeudi de 18h30 \u00e0 20h30 (p\u00e9riode hivernale : entra\u00eenements \u00e0 la salle de sport du coll\u00e8ge L\u00e9onard de Vinci de 16h30 \u00e0 18h30). Tarifs cotisations club Senior +18 ans comp\u00e9tition\u00a0: 180\u20ac pour l'ann\u00e9e (licence f\u00e9d\u00e9rale incluse) Loisir\u2026","rel":"","context":"Article similaire","block_context":{"text":"Article similaire","link":""},"img":{"alt_text":"Equipe R2 St-aubin","src":"https:\/\/i0.wp.com\/bluejays.fr\/wp-content\/uploads\/2021\/09\/R2-2021.jpg?fit=960%2C720&ssl=1&resize=350%2C200","width":350,"height":200,"srcset":"https:\/\/i0.wp.com\/bluejays.fr\/wp-content\/uploads\/2021\/09\/R2-2021.jpg?fit=960%2C720&ssl=1&resize=350%2C200 1x, https:\/\/i0.wp.com\/bluejays.fr\/wp-content\/uploads\/2021\/09\/R2-2021.jpg?fit=960%2C720&ssl=1&resize=525%2C300 1.5x, https:\/\/i0.wp.com\/bluejays.fr\/wp-content\/uploads\/2021\/09\/R2-2021.jpg?fit=960%2C720&ssl=1&resize=700%2C400 2x"},"classes":[]},{"id":296,"url":"https:\/\/bluejays.fr\/?page_id=296","url_meta":{"origin":3001,"position":2},"title":"Notre \u00e9cole Baseball Jeunes &#8211; Section 9U","author":"Caro","date":"24\/09\/2014","format":false,"excerpt":"Section 9U Coach : Isabelle Nelet\u00a0 ENTRAINEMENTS : Mercredi : 14h \u00e0 16h30 Samedi : 10h \u00e0 12h30 (p\u00e9riode hivernale : entra\u00eenements \u00e0 la salle de sport du coll\u00e8ge L\u00e9onard de Vinci de 13h30 \u00e0 15h). Tarifs cotisations club moins de 18 ans comp\u00e9tition : 130\u20ac pour l\u2019ann\u00e9e (licence f\u00e9d\u00e9rale\u2026","rel":"","context":"Article similaire","block_context":{"text":"Article similaire","link":""},"img":{"alt_text":"","src":"https:\/\/i0.wp.com\/bluejays.fr\/wp-content\/uploads\/2024\/08\/IMG_1164.jpg?fit=1200%2C901&ssl=1&resize=350%2C200","width":350,"height":200,"srcset":"https:\/\/i0.wp.com\/bluejays.fr\/wp-content\/uploads\/2024\/08\/IMG_1164.jpg?fit=1200%2C901&ssl=1&resize=350%2C200 1x, https:\/\/i0.wp.com\/bluejays.fr\/wp-content\/uploads\/2024\/08\/IMG_1164.jpg?fit=1200%2C901&ssl=1&resize=525%2C300 1.5x, https:\/\/i0.wp.com\/bluejays.fr\/wp-content\/uploads\/2024\/08\/IMG_1164.jpg?fit=1200%2C901&ssl=1&resize=700%2C400 2x, https:\/\/i0.wp.com\/bluejays.fr\/wp-content\/uploads\/2024\/08\/IMG_1164.jpg?fit=1200%2C901&ssl=1&resize=1050%2C600 3x"},"classes":[]},{"id":438,"url":"https:\/\/bluejays.fr\/?page_id=438","url_meta":{"origin":3001,"position":3},"title":"Notre \u00e9cole Baseball Jeunes &#8211; Section 15U","author":"Caro","date":"29\/09\/2014","format":false,"excerpt":"Section 15U Coachs : Pierre Cuquel et Matt\u00e9o Vignollet\u00a0 Entra\u00eenements Mercredi : 16h30 \u00e0 18h30 Samedi 10h \u00e0 12h30 (p\u00e9riode hivernale : entra\u00eenements \u00e0 la salle de sport du coll\u00e8ge L\u00e9onard de Vinci de 15h \u00e0 16h30). moins de 18 ans comp\u00e9tition\u00a0: 130\u20ac pour l'ann\u00e9e (licence f\u00e9d\u00e9rale incluse) Les tarifs\u2026","rel":"","context":"Article similaire","block_context":{"text":"Article similaire","link":""},"img":{"alt_text":"","src":"https:\/\/i0.wp.com\/bluejays.fr\/wp-content\/uploads\/2025\/09\/WhatsApp-Image-2025-09-05-a-16.08.09_503c39b9.jpg?fit=1200%2C985&ssl=1&resize=350%2C200","width":350,"height":200,"srcset":"https:\/\/i0.wp.com\/bluejays.fr\/wp-content\/uploads\/2025\/09\/WhatsApp-Image-2025-09-05-a-16.08.09_503c39b9.jpg?fit=1200%2C985&ssl=1&resize=350%2C200 1x, https:\/\/i0.wp.com\/bluejays.fr\/wp-content\/uploads\/2025\/09\/WhatsApp-Image-2025-09-05-a-16.08.09_503c39b9.jpg?fit=1200%2C985&ssl=1&resize=525%2C300 1.5x, https:\/\/i0.wp.com\/bluejays.fr\/wp-content\/uploads\/2025\/09\/WhatsApp-Image-2025-09-05-a-16.08.09_503c39b9.jpg?fit=1200%2C985&ssl=1&resize=700%2C400 2x, https:\/\/i0.wp.com\/bluejays.fr\/wp-content\/uploads\/2025\/09\/WhatsApp-Image-2025-09-05-a-16.08.09_503c39b9.jpg?fit=1200%2C985&ssl=1&resize=1050%2C600 3x"},"classes":[]},{"id":434,"url":"https:\/\/bluejays.fr\/?page_id=434","url_meta":{"origin":3001,"position":4},"title":"Notre \u00e9cole baseball jeunes Section 12U","author":"Caro","date":"29\/09\/2014","format":false,"excerpt":"\u00a0SECTION 12 u \u00a0 coach : Iban Briones\u00a0 ENTRAINEMENTS\u00a0 Mercredi : 14h \u00e0 16h30 Samedi : 10h \u00e0 12h30 (p\u00e9riode hivernale : entra\u00eenements \u00e0 la salle de sport du coll\u00e8ge L\u00e9onard de Vinci de 13h30 \u00e0 15h). \u00a0 TARIFS COTISATION CLUB\u00a0 moins de 18 ans comp\u00e9tition : 130\u20ac pour l\u2019ann\u00e9e\u2026","rel":"","context":"Article similaire","block_context":{"text":"Article similaire","link":""},"img":{"alt_text":"","src":"https:\/\/i0.wp.com\/bluejays.fr\/wp-content\/uploads\/2024\/02\/DSC05980-copy-scaled.jpg?fit=1200%2C802&ssl=1&resize=350%2C200","width":350,"height":200,"srcset":"https:\/\/i0.wp.com\/bluejays.fr\/wp-content\/uploads\/2024\/02\/DSC05980-copy-scaled.jpg?fit=1200%2C802&ssl=1&resize=350%2C200 1x, https:\/\/i0.wp.com\/bluejays.fr\/wp-content\/uploads\/2024\/02\/DSC05980-copy-scaled.jpg?fit=1200%2C802&ssl=1&resize=525%2C300 1.5x, https:\/\/i0.wp.com\/bluejays.fr\/wp-content\/uploads\/2024\/02\/DSC05980-copy-scaled.jpg?fit=1200%2C802&ssl=1&resize=700%2C400 2x, https:\/\/i0.wp.com\/bluejays.fr\/wp-content\/uploads\/2024\/02\/DSC05980-copy-scaled.jpg?fit=1200%2C802&ssl=1&resize=1050%2C600 3x"},"classes":[]},{"id":300,"url":"https:\/\/bluejays.fr\/?page_id=300","url_meta":{"origin":3001,"position":5},"title":"Notre \u00e9quipe Softball mixte","author":"Caro","date":"24\/09\/2014","format":false,"excerpt":"Section Softball Mixte Coach : L\u00e9a K\u00c9RANFLECH, Thibaud Gr\u00e8zes ENTRAINEMENTS : Lundi : 18h30 \u00e0 20h30\u00a0 Mercredi : 18h30 \u00e0 20h30 (p\u00e9riode hivernale : entra\u00eenements \u00e0 la salle de sport du coll\u00e8ge L\u00e9onard de Vinci de 18h45 \u00e0 20h45). \u00a0 Tarifs Licence annuelle Licence Loisir : 130\u20ac pour l'ann\u00e9e Licence\u2026","rel":"","context":"Article similaire","block_context":{"text":"Article similaire","link":""},"img":{"alt_text":"","src":"https:\/\/i0.wp.com\/bluejays.fr\/wp-content\/uploads\/2021\/09\/softball-2021.jpg?fit=960%2C768&ssl=1&resize=350%2C200","width":350,"height":200,"srcset":"https:\/\/i0.wp.com\/bluejays.fr\/wp-content\/uploads\/2021\/09\/softball-2021.jpg?fit=960%2C768&ssl=1&resize=350%2C200 1x, https:\/\/i0.wp.com\/bluejays.fr\/wp-content\/uploads\/2021\/09\/softball-2021.jpg?fit=960%2C768&ssl=1&resize=525%2C300 1.5x, https:\/\/i0.wp.com\/bluejays.fr\/wp-content\/uploads\/2021\/09\/softball-2021.jpg?fit=960%2C768&ssl=1&resize=700%2C400 2x"},"classes":[]}],"jetpack_sharing_enabled":true,"_links":{"self":[{"href":"https:\/\/bluejays.fr\/index.php?rest_route=\/wp\/v2\/pages\/3001","targetHints":{"allow":["GET"]}}],"collection":[{"href":"https:\/\/bluejays.fr\/index.php?rest_route=\/wp\/v2\/pages"}],"about":[{"href":"https:\/\/bluejays.fr\/index.php?rest_route=\/wp\/v2\/types\/page"}],"author":[{"embeddable":true,"href":"https:\/\/bluejays.fr\/index.php?rest_route=\/wp\/v2\/users\/3"}],"replies":[{"embeddable":true,"href":"https:\/\/bluejays.fr\/index.php?rest_route=%2Fwp%2Fv2%2Fcomments&post=3001"}],"version-history":[{"count":162,"href":"https:\/\/bluejays.fr\/index.php?rest_route=\/wp\/v2\/pages\/3001\/revisions"}],"predecessor-version":[{"id":5091,"href":"https:\/\/bluejays.fr\/index.php?rest_route=\/wp\/v2\/pages\/3001\/revisions\/5091"}],"wp:attachment":[{"href":"https:\/\/bluejays.fr\/index.php?rest_route=%2Fwp%2Fv2%2Fmedia&parent=3001"}],"curies":[{"name":"wp","href":"https:\/\/api.w.org\/{rel}","templated":true}]}}