{"id":438,"date":"2014-09-29T14:02:58","date_gmt":"2014-09-29T12:02:58","guid":{"rendered":"http:\/\/bluejays.fr\/?page_id=438"},"modified":"2025-09-05T16:16:10","modified_gmt":"2025-09-05T14:16:10","slug":"baseball-jeunes-section-15u","status":"publish","type":"page","link":"http:\/\/bluejays.fr\/?page_id=438","title":{"rendered":"Notre \u00e9cole Baseball Jeunes &#8211; Section 15U"},"content":{"rendered":"\t\t<div data-elementor-type=\"wp-page\" data-elementor-id=\"438\" class=\"elementor elementor-438\">\n\t\t\t\t\t\t\t\t\t<section class=\"elementor-section elementor-top-section elementor-element elementor-element-55f3f808 elementor-section-boxed elementor-section-height-default elementor-section-height-default\" data-id=\"55f3f808\" data-element_type=\"section\">\n\t\t\t\t\t\t<div class=\"elementor-container elementor-column-gap-default\">\n\t\t\t\t\t<div class=\"elementor-column elementor-col-100 elementor-top-column elementor-element elementor-element-f22c687\" data-id=\"f22c687\" data-element_type=\"column\">\n\t\t\t<div class=\"elementor-widget-wrap elementor-element-populated\">\n\t\t\t\t\t\t\t\t<div class=\"elementor-element elementor-element-13f1f318 elementor-widget elementor-widget-text-editor\" data-id=\"13f1f318\" data-element_type=\"widget\" data-widget_type=\"text-editor.default\">\n\t\t\t\t<div class=\"elementor-widget-container\">\n\t\t\t<style>\/*! elementor - v3.18.0 - 20-12-2023 *\/\n.elementor-widget-text-editor.elementor-drop-cap-view-stacked .elementor-drop-cap{background-color:#69727d;color:#fff}.elementor-widget-text-editor.elementor-drop-cap-view-framed .elementor-drop-cap{color:#69727d;border:3px solid;background-color:transparent}.elementor-widget-text-editor:not(.elementor-drop-cap-view-default) .elementor-drop-cap{margin-top:8px}.elementor-widget-text-editor:not(.elementor-drop-cap-view-default) .elementor-drop-cap-letter{width:1em;height:1em}.elementor-widget-text-editor .elementor-drop-cap{float:left;text-align:center;line-height:1;font-size:50px}.elementor-widget-text-editor .elementor-drop-cap-letter{display:inline-block}<\/style>\t\t\t\t<h2>Section 15U<\/h2>\n<p><strong>Coachs :<\/strong> Pierre Cuquel et Matt\u00e9o Vignollet\u00a0<\/p>\n<!-- wp:heading {\"level\":3} -->\n<h3 class=\"wp-block-heading\">Entra\u00eenements<\/h3>\n<!-- \/wp:heading --><!-- wp:paragraph -->\n<p>Mercredi : 16h30 \u00e0 18h30<\/p>\n<!-- \/wp:paragraph --><!-- wp:paragraph -->\n<p>Samedi 10h \u00e0 12h30<\/p>\n<!-- \/wp:paragraph --><!-- wp:paragraph -->\n<p>(p\u00e9riode hivernale : entra\u00eenements \u00e0 la salle de sport du coll\u00e8ge L\u00e9onard de Vinci de 15h \u00e0 16h30).<\/p>\n<!-- \/wp:paragraph --><!-- wp:paragraph -->\n<p>moins de 18 ans comp\u00e9tition\u00a0: 130\u20ac pour l&rsquo;ann\u00e9e (licence f\u00e9d\u00e9rale incluse)<\/p>\n<!-- \/wp:paragraph --><!-- wp:paragraph -->\n<p>Les tarifs des cotisations comprennent l&rsquo;assurance et le pr\u00eat du mat\u00e9riel.<\/p>\n<!-- \/wp:paragraph --><!-- wp:spacer {\"height\":\"50px\"} -->\n<div class=\"wp-block-spacer\" style=\"height: 50px;\" aria-hidden=\"true\">\u00a0<\/div>\n<!-- \/wp:spacer --><!-- wp:button {\"className\":\"aligncenter\",\"style\":{\"color\":{\"background\":\"#0f529f\"}}} -->\n<div class=\"wp-block-button aligncenter\"><a class=\"wp-block-button__link has-background wp-element-button\" style=\"background-color: #0f529f;\" href=\"http:\/\/bluejays.fr\/?page_id=380\"> Je m&rsquo;inscris <\/a><\/div>\n<!-- \/wp:button --><!-- wp:spacer {\"height\":\"50px\"} -->\n<div class=\"wp-block-spacer\" style=\"height: 50px;\" aria-hidden=\"true\">\u00a0<\/div>\n<!-- \/wp:spacer -->\t\t\t\t\t\t<\/div>\n\t\t\t\t<\/div>\n\t\t\t\t\t<\/div>\n\t\t<\/div>\n\t\t\t\t\t\t\t<\/div>\n\t\t<\/section>\n\t\t\t\t\t\t\t<\/div>\n\t\t","protected":false},"excerpt":{"rendered":"<p>Section 15U Coachs : Pierre Cuquel et Matt\u00e9o Vignollet\u00a0 Entra\u00eenements Mercredi : 16h30 \u00e0 18h30 Samedi 10h \u00e0 12h30 (p\u00e9riode hivernale : entra\u00eenements \u00e0 la salle de sport du coll\u00e8ge L\u00e9onard de Vinci de 15h \u00e0 16h30). moins de 18 ans comp\u00e9tition\u00a0: 130\u20ac pour l&rsquo;ann\u00e9e (licence f\u00e9d\u00e9rale incluse) Les tarifs des cotisations comprennent l&rsquo;assurance et<\/p>\n<p><a class=\"read-more\" href=\"http:\/\/bluejays.fr\/?page_id=438\"> Lire Plus&#8230;<\/a><\/p>\n","protected":false},"author":3,"featured_media":5054,"parent":0,"menu_order":0,"comment_status":"closed","ping_status":"closed","template":"","meta":{"_bbp_topic_count":0,"_bbp_reply_count":0,"_bbp_total_topic_count":0,"_bbp_total_reply_count":0,"_bbp_voice_count":0,"_bbp_anonymous_reply_count":0,"_bbp_topic_count_hidden":0,"_bbp_reply_count_hidden":0,"_bbp_forum_subforum_count":0,"_monsterinsights_skip_tracking":false,"_monsterinsights_sitenote_active":false,"_monsterinsights_sitenote_note":"","_monsterinsights_sitenote_category":0,"_uf_show_specific_survey":0,"_uf_disable_surveys":false,"jetpack_post_was_ever_published":false,"footnotes":""},"class_list":["post-438","page","type-page","status-publish","has-post-thumbnail","hentry"],"aioseo_notices":[],"jetpack_shortlink":"https:\/\/wp.me\/P7l0w0-74","jetpack-related-posts":[{"id":296,"url":"http:\/\/bluejays.fr\/?page_id=296","url_meta":{"origin":438,"position":0},"title":"Notre \u00e9cole Baseball Jeunes &#8211; Section 9U","author":"Caro","date":"24\/09\/2014","format":false,"excerpt":"Section 9U Coach : Isabelle Nelet\u00a0 ENTRAINEMENTS : Mercredi : 14h \u00e0 16h30 Samedi : 10h \u00e0 12h30 (p\u00e9riode hivernale : entra\u00eenements \u00e0 la salle de sport du coll\u00e8ge L\u00e9onard de Vinci de 13h30 \u00e0 15h). Tarifs cotisations club moins de 18 ans comp\u00e9tition : 130\u20ac pour l\u2019ann\u00e9e (licence f\u00e9d\u00e9rale\u2026","rel":"","context":"Article similaire","block_context":{"text":"Article similaire","link":""},"img":{"alt_text":"","src":"https:\/\/i0.wp.com\/bluejays.fr\/wp-content\/uploads\/2024\/08\/IMG_1164.jpg?fit=1200%2C901&resize=350%2C200","width":350,"height":200,"srcset":"https:\/\/i0.wp.com\/bluejays.fr\/wp-content\/uploads\/2024\/08\/IMG_1164.jpg?fit=1200%2C901&resize=350%2C200 1x, https:\/\/i0.wp.com\/bluejays.fr\/wp-content\/uploads\/2024\/08\/IMG_1164.jpg?fit=1200%2C901&resize=525%2C300 1.5x, https:\/\/i0.wp.com\/bluejays.fr\/wp-content\/uploads\/2024\/08\/IMG_1164.jpg?fit=1200%2C901&resize=700%2C400 2x, https:\/\/i0.wp.com\/bluejays.fr\/wp-content\/uploads\/2024\/08\/IMG_1164.jpg?fit=1200%2C901&resize=1050%2C600 3x"},"classes":[]},{"id":434,"url":"http:\/\/bluejays.fr\/?page_id=434","url_meta":{"origin":438,"position":1},"title":"Notre \u00e9cole baseball jeunes Section 12U","author":"Caro","date":"29\/09\/2014","format":false,"excerpt":"\u00a0SECTION 12 u \u00a0 coach : Iban Briones\u00a0 ENTRAINEMENTS\u00a0 Mercredi : 14h \u00e0 16h30 Samedi : 10h \u00e0 12h30 (p\u00e9riode hivernale : entra\u00eenements \u00e0 la salle de sport du coll\u00e8ge L\u00e9onard de Vinci de 13h30 \u00e0 15h). \u00a0 TARIFS COTISATION CLUB\u00a0 moins de 18 ans comp\u00e9tition : 130\u20ac pour l\u2019ann\u00e9e\u2026","rel":"","context":"Article similaire","block_context":{"text":"Article similaire","link":""},"img":{"alt_text":"","src":"https:\/\/i0.wp.com\/bluejays.fr\/wp-content\/uploads\/2024\/02\/DSC05980-copy-scaled.jpg?fit=1200%2C802&resize=350%2C200","width":350,"height":200,"srcset":"https:\/\/i0.wp.com\/bluejays.fr\/wp-content\/uploads\/2024\/02\/DSC05980-copy-scaled.jpg?fit=1200%2C802&resize=350%2C200 1x, https:\/\/i0.wp.com\/bluejays.fr\/wp-content\/uploads\/2024\/02\/DSC05980-copy-scaled.jpg?fit=1200%2C802&resize=525%2C300 1.5x, https:\/\/i0.wp.com\/bluejays.fr\/wp-content\/uploads\/2024\/02\/DSC05980-copy-scaled.jpg?fit=1200%2C802&resize=700%2C400 2x, https:\/\/i0.wp.com\/bluejays.fr\/wp-content\/uploads\/2024\/02\/DSC05980-copy-scaled.jpg?fit=1200%2C802&resize=1050%2C600 3x"},"classes":[]},{"id":111,"url":"http:\/\/bluejays.fr\/?page_id=111","url_meta":{"origin":438,"position":2},"title":"NOS EQUIPES Baseball Seniors &#8211; Division 3","author":"Caro","date":"13\/04\/2014","format":false,"excerpt":"Equipe 1 - D3 Coachs : Fr\u00e9d\u00e9ric Vignollet, Alban Debrais\u00a0 Entrainements Les mardi et jeudi de 18h30 \u00e0 20h30 (p\u00e9riode hivernale : entra\u00eenements \u00e0 la salle de sport du coll\u00e8ge L\u00e9onard de Vinci de 16h30 \u00e0 18h30). Tarifs cotisations club Senior +18 ans comp\u00e9tition\u00a0: 180\u20ac pour l'ann\u00e9e (licence f\u00e9d\u00e9rale incluse)\u2026","rel":"","context":"Article similaire","block_context":{"text":"Article similaire","link":""},"img":{"alt_text":"","src":"https:\/\/i0.wp.com\/bluejays.fr\/wp-content\/uploads\/2024\/08\/IMG_1161.jpg?fit=960%2C820&resize=350%2C200","width":350,"height":200,"srcset":"https:\/\/i0.wp.com\/bluejays.fr\/wp-content\/uploads\/2024\/08\/IMG_1161.jpg?fit=960%2C820&resize=350%2C200 1x, https:\/\/i0.wp.com\/bluejays.fr\/wp-content\/uploads\/2024\/08\/IMG_1161.jpg?fit=960%2C820&resize=525%2C300 1.5x, https:\/\/i0.wp.com\/bluejays.fr\/wp-content\/uploads\/2024\/08\/IMG_1161.jpg?fit=960%2C820&resize=700%2C400 2x"},"classes":[]},{"id":503,"url":"http:\/\/bluejays.fr\/?page_id=503","url_meta":{"origin":438,"position":3},"title":"NOS EQUIPES BASEBALL SENIORS &#8211; R3","author":"Caro","date":"30\/09\/2014","format":false,"excerpt":"Equipe R\u00e9gionale 3 Coachs :\u00a0 Paul Rapinat, Jean-S\u00e9bastien Gerbeau Entra\u00eenements Les mardi et jeudi de 18h30 \u00e0 20h30 (p\u00e9riode hivernale : entra\u00eenements \u00e0 la salle de sport du coll\u00e8ge L\u00e9onard de Vinci de 16h30 \u00e0 18h30). Tarifs cotisations club Senior +18 ans comp\u00e9tition\u00a0: 180\u20ac pour l'ann\u00e9e (licence f\u00e9d\u00e9rale incluse) Loisir\u2026","rel":"","context":"Article similaire","block_context":{"text":"Article similaire","link":""},"img":{"alt_text":"Equipe R2 St-aubin","src":"https:\/\/i0.wp.com\/bluejays.fr\/wp-content\/uploads\/2021\/09\/R2-2021.jpg?fit=960%2C720&resize=350%2C200","width":350,"height":200,"srcset":"https:\/\/i0.wp.com\/bluejays.fr\/wp-content\/uploads\/2021\/09\/R2-2021.jpg?fit=960%2C720&resize=350%2C200 1x, https:\/\/i0.wp.com\/bluejays.fr\/wp-content\/uploads\/2021\/09\/R2-2021.jpg?fit=960%2C720&resize=525%2C300 1.5x, https:\/\/i0.wp.com\/bluejays.fr\/wp-content\/uploads\/2021\/09\/R2-2021.jpg?fit=960%2C720&resize=700%2C400 2x"},"classes":[]},{"id":300,"url":"http:\/\/bluejays.fr\/?page_id=300","url_meta":{"origin":438,"position":4},"title":"Notre \u00e9quipe Softball mixte","author":"Caro","date":"24\/09\/2014","format":false,"excerpt":"Section Softball Mixte Coach : L\u00e9a K\u00c9RANFLECH, Thibaud Gr\u00e8zes ENTRAINEMENTS : Lundi : 18h30 \u00e0 20h30\u00a0 Mercredi : 18h30 \u00e0 20h30 (p\u00e9riode hivernale : entra\u00eenements \u00e0 la salle de sport du coll\u00e8ge L\u00e9onard de Vinci de 18h45 \u00e0 20h45). \u00a0 Tarifs Licence annuelle Licence Loisir : 130\u20ac pour l'ann\u00e9e Licence\u2026","rel":"","context":"Article similaire","block_context":{"text":"Article similaire","link":""},"img":{"alt_text":"","src":"https:\/\/i0.wp.com\/bluejays.fr\/wp-content\/uploads\/2021\/09\/softball-2021.jpg?fit=960%2C768&resize=350%2C200","width":350,"height":200,"srcset":"https:\/\/i0.wp.com\/bluejays.fr\/wp-content\/uploads\/2021\/09\/softball-2021.jpg?fit=960%2C768&resize=350%2C200 1x, https:\/\/i0.wp.com\/bluejays.fr\/wp-content\/uploads\/2021\/09\/softball-2021.jpg?fit=960%2C768&resize=525%2C300 1.5x, https:\/\/i0.wp.com\/bluejays.fr\/wp-content\/uploads\/2021\/09\/softball-2021.jpg?fit=960%2C768&resize=700%2C400 2x"},"classes":[]},{"id":102,"url":"http:\/\/bluejays.fr\/?page_id=102","url_meta":{"origin":438,"position":5},"title":"Historique","author":"Caro","date":"12\/04\/2014","format":false,"excerpt":"Le Club de Baseball de Saint Aubin de M\u00e9doc Un club qui rassemble plus de 100 sportifs de tous \u00e2ges et de tous niveaux partageant la m\u00eame passion pour le baseball et le softball. 6 \u00e9quipes engag\u00e9es en championnat : 9U \/ 12U \/ 15U \/ 18U \/ R1 et\u2026","rel":"","context":"Article similaire","block_context":{"text":"Article similaire","link":""},"img":{"alt_text":"","src":"","width":0,"height":0},"classes":[]}],"jetpack_sharing_enabled":true,"_links":{"self":[{"href":"http:\/\/bluejays.fr\/index.php?rest_route=\/wp\/v2\/pages\/438","targetHints":{"allow":["GET"]}}],"collection":[{"href":"http:\/\/bluejays.fr\/index.php?rest_route=\/wp\/v2\/pages"}],"about":[{"href":"http:\/\/bluejays.fr\/index.php?rest_route=\/wp\/v2\/types\/page"}],"author":[{"embeddable":true,"href":"http:\/\/bluejays.fr\/index.php?rest_route=\/wp\/v2\/users\/3"}],"replies":[{"embeddable":true,"href":"http:\/\/bluejays.fr\/index.php?rest_route=%2Fwp%2Fv2%2Fcomments&post=438"}],"version-history":[{"count":40,"href":"http:\/\/bluejays.fr\/index.php?rest_route=\/wp\/v2\/pages\/438\/revisions"}],"predecessor-version":[{"id":5057,"href":"http:\/\/bluejays.fr\/index.php?rest_route=\/wp\/v2\/pages\/438\/revisions\/5057"}],"wp:featuredmedia":[{"embeddable":true,"href":"http:\/\/bluejays.fr\/index.php?rest_route=\/wp\/v2\/media\/5054"}],"wp:attachment":[{"href":"http:\/\/bluejays.fr\/index.php?rest_route=%2Fwp%2Fv2%2Fmedia&parent=438"}],"curies":[{"name":"wp","href":"https:\/\/api.w.org\/{rel}","templated":true}]}}

Notre école Baseball Jeunes &#8211; Section 15U

<div data-elementor-type="wp-page" data-elementor-id="438" class="elementor elementor-438">
									<section class="elementor-section elementor-top-section elementor-element elementor-element-55f3f808 elementor-section-boxed elementor-section-height-default elementor-section-height-default" data-id="55f3f808" data-element_type="section">
						<div class="elementor-container elementor-column-gap-default">
					<div class="elementor-column elementor-col-100 elementor-top-column elementor-element elementor-element-f22c687" data-id="f22c687" data-element_type="column">
			<div class="elementor-widget-wrap elementor-element-populated">
								<div class="elementor-element elementor-element-13f1f318 elementor-widget elementor-widget-text-editor" data-id="13f1f318" data-element_type="widget" data-widget_type="text-editor.default">
				<div class="elementor-widget-container">
			<style>/*! elementor - v3.18.0 - 20-12-2023 */
.elementor-widget-text-editor.elementor-drop-cap-view-stacked .elementor-drop-cap{background-color:#69727d;color:#fff}.elementor-widget-text-editor.elementor-drop-cap-view-framed .elementor-drop-cap{color:#69727d;border:3px solid;background-color:transparent}.elementor-widget-text-editor:not(.elementor-drop-cap-view-default) .elementor-drop-cap{margin-top:8px}.elementor-widget-text-editor:not(.elementor-drop-cap-view-default) .elementor-drop-cap-letter{width:1em;height:1em}.elementor-widget-text-editor .elementor-drop-cap{float:left;text-align:center;line-height:1;font-size:50px}.elementor-widget-text-editor .elementor-drop-cap-letter{display:inline-block}</style>				<h2>Section 15U</h2>
<p><strong>Coachs :</strong> Pierre Cuquel et Mattéo Vignollet </p>
<!-- wp:heading {"level":3} -->
<h3 class="wp-block-heading">Entraînements</h3>
<!-- /wp:heading --><!-- wp:paragraph -->
<p>Mercredi : 16h30 à 18h30</p>
<!-- /wp:paragraph --><!-- wp:paragraph -->
<p>Samedi 10h à 12h30</p>
<!-- /wp:paragraph --><!-- wp:paragraph -->
<p>(période hivernale : entraînements à la salle de sport du collège Léonard de Vinci de 15h à 16h30).</p>
<!-- /wp:paragraph --><!-- wp:paragraph -->
<p>moins de 18 ans compétition : 130€ pour l&rsquo;année (licence fédérale incluse)</p>
<!-- /wp:paragraph --><!-- wp:paragraph -->
<p>Les tarifs des cotisations comprennent l&rsquo;assurance et le prêt du matériel.</p>
<!-- /wp:paragraph --><!-- wp:spacer {"height":"50px"} -->
<div class="wp-block-spacer" style="height: 50px;" aria-hidden="true"> </div>
<!-- /wp:spacer --><!-- wp:button {"className":"aligncenter","style":{"color":{"background":"#0f529f"}}} -->
<div class="wp-block-button aligncenter"><a class="wp-block-button__link has-background wp-element-button" style="background-color: #0f529f;" href="http://bluejays.fr/?page_id=380"> Je m&rsquo;inscris </a></div>
<!-- /wp:button --><!-- wp:spacer {"height":"50px"} -->
<div class="wp-block-spacer" style="height: 50px;" aria-hidden="true"> </div>
<!-- /wp:spacer -->						</div>
				</div>
					</div>
		</div>
							</div>
		</section>
							</div>

<p>Section 15U Coachs : Pierre Cuquel et Mattéo Vignollet  Entraînements Mercredi : 16h30 à 18h30 Samedi 10h à 12h30 (période hivernale : entraînements à la salle de sport du collège Léonard de Vinci de 15h à 16h30). moins de 18 ans compétition : 130€ pour l&rsquo;année (licence fédérale incluse) Les tarifs des cotisations comprennent l&rsquo;assurance et</p>
<p><a class="read-more" href="http://bluejays.fr/?page_id=438"> Lire Plus&#8230;</a></p>

Notre école Baseball Jeunes &#8211; Section 9U

Section 9U Coach : Isabelle Nelet  ENTRAINEMENTS : Mercredi : 14h à 16h30 Samedi : 10h à 12h30 (période hivernale : entraînements à la salle de sport du collège Léonard de Vinci de 13h30 à 15h). Tarifs cotisations club moins de 18 ans compétition : 130€ pour l’année (licence fédérale…

Notre école baseball jeunes Section 12U

SECTION 12 u   coach : Iban Briones  ENTRAINEMENTS  Mercredi : 14h à 16h30 Samedi : 10h à 12h30 (période hivernale : entraînements à la salle de sport du collège Léonard de Vinci de 13h30 à 15h).   TARIFS COTISATION CLUB  moins de 18 ans compétition : 130€ pour l’année…

Equipe 1 - D3 Coachs : Frédéric Vignollet, Alban Debrais  Entrainements Les mardi et jeudi de 18h30 à 20h30 (période hivernale : entraînements à la salle de sport du collège Léonard de Vinci de 16h30 à 18h30). Tarifs cotisations club Senior +18 ans compétition : 180€ pour l'année (licence fédérale incluse)…

Equipe Régionale 3 Coachs :  Paul Rapinat, Jean-Sébastien Gerbeau Entraînements Les mardi et jeudi de 18h30 à 20h30 (période hivernale : entraînements à la salle de sport du collège Léonard de Vinci de 16h30 à 18h30). Tarifs cotisations club Senior +18 ans compétition : 180€ pour l'année (licence fédérale incluse) Loisir…

Notre équipe Softball mixte

Section Softball Mixte Coach : Léa KÉRANFLECH, Thibaud Grèzes ENTRAINEMENTS : Lundi : 18h30 à 20h30  Mercredi : 18h30 à 20h30 (période hivernale : entraînements à la salle de sport du collège Léonard de Vinci de 18h45 à 20h45).   Tarifs Licence annuelle Licence Loisir : 130€ pour l'année Licence…

Le Club de Baseball de Saint Aubin de Médoc Un club qui rassemble plus de 100 sportifs de tous âges et de tous niveaux partageant la même passion pour le baseball et le softball. 6 équipes engagées en championnat : 9U / 12U / 15U / 18U / R1 et…
